= -5*i + 299. Is i a composite number?
False
Suppose -3*q + q = -118. Is q prime?
True
Suppose 0*x = -x - 170. Let j = -7 - x. Is j composite?
False
Let p(y) = y + 6. Let n be p(-6). Suppose -5*d + 143 = 5*g - 97, 4*g - 4*d - 200 = n. Is g a composite number?
True
Suppose 6*p - 395 = p. Let n = -30 + p. Is n composite?
True
Suppose 3*v - 1199 = -8. Is v prime?
True
Let h(w) = -w**2 - 4*w + 3. Let p be h(-4). Suppose 3*f = p, 3*f = -5*z + 7*f + 71. Is z a composite number?
True
Let f(x) = 4*x**2 - 14*x + 19. Is f(8) a prime number?
True
Let y be (-20)/(-50) - (-1042)/(-5). Let h = -137 - y. Is h composite?
False
Suppose 4*c = 108 + 96. Is c a prime number?
False
Let k(t) be the second derivative of -t**4/12 + 8*t**3/3 - 7*t**2/2 + 3*t. Is k(10) prime?
True
Let g(f) = -f**3 - 4*f**2 + 6*f + 7. Let j be g(-5). Suppose j + 1 = -d, 3*q - 5*d = 504. Is q a composite number?
False
Let o be (60/25)/(2/5). Suppose -5*m = -o*m + 264. Suppose n = 4*f - m, 0 + 4 = n. Is f prime?
True
Let f be -3*(-6)/(-9) - 6. Is (14/f)/((-5)/20) composite?
False
Suppose 2*l = -2 + 10. Suppose 0 = -2*h + l*i + 80, 3*i + 32 + 7 = h. Let z = 63 - h. Is z prime?
False
Let i = 10 - 20. Let r(w) = -3*w + 31. Let c(t) = 5*t - 46. Let k(p) = -5*c(p) - 7*r(p). Is k(i) a composite number?
False
Let t = 667 + -372. Is t a prime number?
False
Let h(t) = t**3 + t**2 + t + 1. Let u be h(-1). Suppose -2*n - 409 = -5*w - u*w, n + 329 = 4*w. Is w composite?
False
Let a(z) = 230*z**2 + 4*z - 1. Is a(3) composite?
False
Let k(y) = 27*y - 11. Let b(a) = a**2 - 7*a + 8. Let c be b(7). Is k(c) a composite number?
True
Let a = 8 - 2. Suppose a*d - 124 = 2*d. Is d a prime number?
True
Suppose -3*y + s + 883 = -4394, -2*y + 3518 = 2*s. Is y a prime number?
True
Let g(u) = u. Let q be g(4). Suppose -5*v + 8 + 7 = 0. Suppose -v*w = q*s - 3, 0*s + 3*w = -3*s. Is s prime?
True
Let j(t) = t**2 - 9*t - 17. Let d = 5 - 8. Let u be -1 + d*26/(-6). Is j(u) prime?
True
Let d = 2 - 0. Let x be (-2)/(-4)*d + -1. Suppose -3*t + 7*t - 52 = x. Is t a composite number?
False
Let z be -1540 + (-1)/(-2)*2. Let q(f) = 5*f - 24. Let c be q(4). Is (-1)/c - z/36 a prime number?
True
Let d be (-1783)/(-3) + 4/(-12). Let o = d + -275. Is o composite?
True
Suppose -2*b - 5*c + 0*c = 39, -4*b - 2*c = 54. Let y(v) be the first derivative of v**3/3 + v - 4. Is y(b) composite?
True
Let q(v) = 231*v - 4. Is q(5) a prime number?
True
Let q = 129 - 59. Suppose -4*w = w - q. Is w a prime number?
False
Let z(h) = 138*h**2 + 2*h - 5. Is z(-3) composite?
False
Let t = 213 + 82. Is t composite?
True
Let i(v) = -7*v - 1. Let m be i(-1). Suppose -m = -0*j - 2*j - g, 0 = 3*g. Suppose -237 = -0*l - j*l. Is l prime?
True
Is -5037*(24/9 - 3) a prime number?
False
Let v be ((-174)/8)/((-6)/(-24)). Let p = 104 - v. Is p prime?
True
Suppose 0 = -2*t + 302 + 124. Is t composite?
True
Suppose k = -k - 8. Is 80 + -1 + 4 + k composite?
False
Let a = 1262 - 219. Is a prime?
False
Is 4/7 - 1 - (-4304)/14 composite?
False
Let h(v) = 8*v - 3. Is h(2) a prime number?
True
Let c = 63 + -14. Suppose 4*g - c = -5*l, 5*g - 18 = -l + 17. Suppose 221 = 4*y + 5*p, y + g*p = 3*p + 64. Is y a prime number?
False
Suppose 0*r - r = -5*t - 31, -t - 5 = 0. Suppose 2*l = r*l - 28. Is l composite?
False
Let z(v) be the third derivative of -v**6/120 - 3*v**5/20 + v**4/8 - v**3/2 - 2*v**2. Let l be z(-9). Is (2 + -3)/(2/l) prime?
False
Let j(w) = -4*w**3 + w. Let m be (2/(-4))/((-3)/(-6)). Let q be j(m). Is 7*q - (3 - 1) composite?
False
Let q be 2 - (-9 - (1 + -3)). Let j = q - 2. Is j composite?
False
Let a be (-12)/9*(3 + -87). Is (-2)/(-3) + a/3 a composite number?
True
Is 2/3*9657/6 a prime number?
False
Let f(m) = m**3 - m**2 + m + 5. Let i be f(0). Suppose 2*v - 274 = 3*x - 72, -x = i*v + 73. Let w = 103 + x. Is w a prime number?
False
Let o(h) be the first derivative of -h**3/3 + h**2/2 + 6*h - 1. Let z = 11 + -11. Is o(z) prime?
False
Let m = 252 - 149. Suppose 2*v = 2*w + 312, 284 = v + 4*w + m. Is v prime?
False
Let o(z) = z**3 - 5*z**2 + 6*z - 5. Let g be o(4). Let h be (-8*4/10)/((-12)/2250). Suppose g*r = -129 + h. Is r a prime number?
True
Let z = 30 - -45. Suppose 4*k + k = z. Is k a prime number?
False
Let y = -62 + 127. Is y composite?
True
Let a(i) = -35*i**3 + 2*i**2 + 2*i - 2. Let u be a(-2). Suppose -3*s + 49 = 4*w - u, 0 = 3*s - 5*w - 376. Suppose 0*h + s = 3*h. Is h prime?
False
Suppose 5*i - 31 = -4*l - 6, l - 6 = -i. Let p = i - -4. Suppose p*k = 2*k + 633. Is k prime?
True
Suppose -3*j - 5*x = 3 - 43, 5*x = 25. Suppose 10 = 2*i + z, -j*z = 2*i - 4*i - 14. Suppose 0 = s + i*s - 296. Is s prime?
False
Suppose 0 = 6*i - 8*i. Suppose 2*c - 481 - 37 = i. Is c a prime number?
False
Let f(p) = p - 1. Let i(c) = c**3 + 3*c**2 - 3*c + 5. Let y be i(-4). Let r be f(y). Suppose r = -4*h + 4*m + 92, -m - 61 = -3*h + 14. Is h prime?
False
Suppose 21*r = 15*r + 3738. Is r a composite number?
True
Let f(j) = -6 + 6*j - 4*j - 2*j**2 + 2*j. Let k be f(4). Let i = -3 - k. Is i prime?
True
Suppose 3*v = -u + 827, 5*u = -v + 1998 + 2109. Is u prime?
True
Suppose 289 = i - 0*i. Is i a prime number?
False
Let s = -187 - -510. Is s a prime number?
False
Suppose -6*m = -2*m - 4*a - 172, 3*a = -4*m + 137. Let s = 73 - m. Is s prime?
False
Suppose 4*k - 6*k + 16 = 0. Let f(c) = 0*c**2 + 5*c**2 + 9*c - 4*c + 11 + 0*c**2. Is f(k) a composite number?
True
Suppose -7 = -m - 1. Is ((-26)/4)/((-3)/m) a composite number?
False
Let m(v) = -27*v - 2. Let u be 2/(-5) - 66/10. Is m(u) a prime number?
False
Suppose 2*l - 3*j - 787 = 278, 0 = -l - 5*j + 552. Is l prime?
False
Suppose -3*h + 2386 + 131 = 0. Is h a composite number?
False
Suppose -4*w + 0*x + 212 = -2*x, -86 = -2*w - 4*x. Is w prime?
False
Is 2 + 0 + -3 + 59 a composite number?
True
Let n(m) = m**2 + 67. Let r = -10 + 10. Is n(r) prime?
True
Let q be (248/10)/(6/45). Suppose -261 = -3*t + q. Is t a prime number?
True
Let d be (-2)/(-9) + 439/9. Suppose j = -2 + d. Is j a prime number?
True
Let c = -647 + 916. Is c a composite number?
False
Let j(v) = v - 2. Let s be j(5). Suppose -37 = -s*k - 10. Is k a prime number?
False
Suppose -8*y = -11*y + 5271. Is y a composite number?
True
Suppose -4*v + 6*v - 190 = 0. Is v composite?
True
Let h be 10/(-25) + 124/10. Is (-2 - h/(-5))*35 a prime number?
False
Suppose -3*r - 3 = -15. Suppose r*s - 123 = -5*c, -126 = -3*s + 4*c - c. Is s composite?
False
Suppose -2*n + 3*n - 3*f = -67, -161 = 3*n + f. Let t = 173 + n. Is t prime?
False
Let g = 255 + 127. Suppose g = 2*y - 3*v - 202, -y + 5*v + 285 = 0. Is y a prime number?
False
Let a(c) = 36*c - 1. Let v be a(-6). Let w = v - -304. Is w a prime number?
False
Suppose 0 = -5*u + 3*x + 8 + 6, 4*x - 4 = u. Suppose 14 = -u*l + 162. Is l a prime number?
True
Let b(t) = t**3 - 6*t**2 - 11*t - 17. Is b(9) composite?
False
Let h = 10 - 5. Let m(d) = 3*d**2 + 2*d + 1. Let a be m(-1). Is -6 + 2 + a + h prime?
True
Suppose -5*m - 4*y + 24 = -m, 4*y = -5*m + 25. Let b = -16 - -27. Let h = b - m. Is h a prime number?
False
Let i(z) = 3*z**2 + 14*z + 34. Let u(w) = -w**2 - 5*w - 11. Let d(m) = 4*i(m) + 11*u(m). Is d(0) prime?
False
Let w(i) = 10 - 8*i**2 + 0*i**3 + 0*i**3 + i**3. Let r be w(7). Is (-3)/(-12) - r/4 a prime number?
False
Suppose 0 = -6*g + 2*g + 20. Suppose -g*q + j + 1700 = -2*j, -3*j = -2*q + 689. Is q composite?
False
Let r(z) = 56*z + 19. Is r(12) composite?
False
Suppose 0 = -6*j + 328 + 608. Let z = -97 + j. Is z a composite number?
False
Let v = -3 + 4. Suppose -2*p + 10 = 2*t, 0*p - t = -p - v. Suppose -w - p*w = 4*d - 22, 0 = -2*d + 8. Is w a composite number?
False
Let s(w) = -10*w**3 + 4*w**2 + 3*w. Let x be s(-2). Suppose 0 = 4*p - 178 - x. Is p prime?
True
Let n be (-16)/10*5/(-2). Is (-2)/n*(3 - 413) composite?
True
Suppose 2*t + 2 = 3*t. Suppose -3*p - 519 = -3*k - 0*p, -t*p + 185 = k. Is k composite?
True
Let k = -2 - -8. Let g = k - 3. Is (-2)/(-6)*13*g composite?
False
Suppose -5*s - 552 = -4*h, -2*s - 3*s = 3*h - 449. Is h prime?
False
Let m(x) = x**2 + x - 4. Let b be m(-3). Suppose b*l = -v + 24, 4*l + v = 4*v + 58. Is l prime?
True
Let k(g) = g**2 + 8*g - 5. Let z be k(-9). Suppose -4*f + 5*a - 16 = 0, -z*f + 8*f + 12 = 4*a. Suppose -2*p = v + f, -5*v + 4*p + p + 70 = 0. Is v composite?
True
Let o